hat is -1 + 600?
5bb
In base 9, what is 2203 - 2?
2201
In base 3, what is 2111101 - -12?
2111120
In base 7, what is 21015 + 4?
21022
In base 8, what is -567 + -32?
-621
In base 16, what is 106 - 3?
103
In base 10, what is -3 - 1601?
-1604
In base 14, what is 0 - -c?
c
In base 14, what is -59d - 0?
-59d
In base 2, what is -1111000 - 10?
-1111010
In base 7, what is 4 + 1152?
1156
In base 3, what is 1000 - 22?
201
In base 15, what is -3 - 46?
-49
In base 12, what is -124 + -1?
-125
In base 8, what is 0 - 2160?
-2160
In base 9, what is 6562 + -7?
6554
In base 14, what is a3 + -d?
94
In base 3, what is -2010000 + 2?
-2002221
In base 12, what is -4 - -189?
185
In base 5, what is -12022 + 4?
-12013
In base 13, what is 179 - 4?
175
In base 7, what is 11 - -36?
50
In base 15, what is -ad + -1?
-ae
In base 3, what is 1220 - -110?
2100
In base 14, what is -42a1 + -3?
-42a4
In base 16, what is 12 + d?
1f
In base 5, what is -22 + 31?
4
In base 15, what is -5 - 89?
-8e
In base 9, what is 4 - -72?
76
In base 14, what is -13 - -2?
-11
In base 12, what is 4 - -29?
31
In base 8, what is 23 - 24?
-1
In base 13, what is -7 + 10?
6
In base 9, what is 625 - 3?
622
In base 13, what is -545a + 2?
-5458
In base 15, what is 2 - -b?
d
In base 16, what is -7 - -499?
492
In base 15, what is -b7 + 2?
-b5
In base 2, what is -11 - 111100100?
-111100111
In base 13, what is 1 + -58?
-57
In base 5, what is -13 + 302?
234
In base 8, what is -2422 + 7?
-2413
In base 11, what is -3127 - -2?
-3125
In base 10, what is -2 + -36?
-38
In base 4, what is 33 - 2?
31
In base 11, what is -38 - 1?
-39
In base 7, what is -1 + -315?
-316
In base 12, what is 11 + 3b?
50
In base 14, what is 3351 - -4?
3355
In base 11, what is 1 + 3508?
3509
In base 2, what is -101 - -1011?
110
In base 4, what is -10220 + 303?
-3311
In base 10, what is 3 + 959?
962
In base 13, what is 9 + 19?
25
In base 6, what is -41 + -15?
-100
In base 9, what is -1010 - 5?
-1015
In base 2, what is 100 + 1101110?
1110010
In base 14, what is 82 - 15?
6b
In base 10, what is 1 + -297?
-296
In base 3, what is 0 + 20212?
20212
In base 11, what is -15 - 64?
-79
In base 5, what is 1202 - -1?
1203
In base 16, what is 3 + -7?
-4
In base 3, what is -1202 + 1?
-1201
In base 8, what is 4 - -2273?
2277
In base 14, what is 0 - 58c?
-58c
In base 5, what is -10 - 420?
-430
In base 14, what is -17a + -1?
-17b
In base 8, what is -14 - -13?
-1
In base 14, what is -4c - -8?
-44
In base 3, what is 22022 + -102?
21220
In base 7, what is 402 + -3?
366
In base 12, what is 5 - 33?
-2a
In base 9, what is 6 - 48?
-42
In base 16, what is fe1 - 2?
fdf
In base 3, what is 21121 - 12?
21102
In base 15, what is -4ae + -5?
-4b4
In base 15, what is -7 - -13e?
137
In base 12, what is -a07 - -5?
-a02
In base 8, what is 10 + 55?
65
In base 11, what is -134 + 12?
-122
In base 14, what is -84 + 19?
-69
In base 8, what is 3 - 1065?
-1062
In base 3, what is -10 - 11?
-21
In base 4, what is 0 - 33203?
-33203
In base 5, what is -4 + 3330?
3321
In base 4, what is -133 + 11?
-122
In base 2, what is -11101 - -10011101?
10000000
In base 11, what is 362 + 10?
372
In base 9, what is 1248 + 2?
1251
In base 5, what is 1 + 1101?
1102
In base 2, what is 100 - -10111?
11011
In base 6, what is -2 - -252?
250
In base 2, what is -1011010 + -1?
-1011011
In base 9, what is -40 + 104?
54
In base 11, what is -28a - -2?
-288
In base 16, what is -6 - 29?
-2f
In base 7, what is 44 + -162?
-115
In base 12, what is -4 + -179a?
-17a2
In base 7, what is -4 - 153?
-160
In base 11, what is -349 + 14?
-335
In base 9, what is -55 - 3?
-58
In base 9, what is -4 - 83?
-87
In base 16, what is 0 - -14cf?
14cf
In base 13, what is -13 + 98?
85
In base 14, what is 4 + 75?
79
In base 16, what is 4b + -12?
39
In base 8, what is -3 + 6013?
6010
In base 13, what is -21 + a?
-14
In base 16, what is -3b - 90?
-cb
In base 10, what is -17 + 8?
-9
In base 10, what is -439 + 2?
-437
In base 6, what is 1043 + -3?
1040
In base 15, what is -4 - 6d?
-72
In base 16, what is 2db - 9?
2d2
In base 9, what is 226 - 10?
216
In base 9, what is 165 + -115?
50
In base 7, what is 52 - -22?
104
In base 3, what is -12 + 10002001?
10001212
In base 9, what is 30 + 18?
48
In base 7, what is -4 + -41?
-45
In base 10, what is -38 + 9?
-29
In base 4, what is 2220 + -3?
2211
In base 16, what is 0 + -39?
-39
In base 12, what is -4 + -734?
-738
In base 8, what is 4635 - 1?
4634
In base 15, what is 25 - 3c?
-17
In base 15, what is 17 - -7?
1e
In base 2, what is -10 - -1011101100?
1011101010
In base 4, what is 131 + 3?
200
In base 11, what is -33 - -112?
8a
In base 12, what is -3 - 359?
-360
In base 9, what is 136 - 1?
135
In base 15, what is -9 - -17?
d
In base 13, what is -b743 + -5?
-b748
In base 8, what is 77 - -21?
120
In base 13, what is 181b - 0?
181b
In base 15, what is 24 - 40?
-1b
In base 14, what is 70 + c?
7c
In base 10, what is 2 + -373?
-371
In base 13, what is 13 - -11?
24
In base 11, what is 48 - 20?
28
In base 6, what is 44 + -234?
-150
In base 4, what is 10 - 132?
-122
In base 11, what is -64 - 23?
-87
In base 11, what is -1839 + 3?
-1836
In base 13, what is 7c - 4?
78
In base 3, what is 200 + 102020?
102220
In base 5, what is -132433 - -10?
-132423
In base 13, what is 2150 + 5?
2155
In base 8, what is -110 + -13?
-123
In base 10, what is 8 - -48?
56
In base 13, what is -1 + 87?
86
In base 5, what is 4 + -21?
-12
In base 2, what is -100 - 10011010?
-10011110
In base 5, what is 31 + -32?
-1
In base 15, what is c4b + 0?
c4b
In base 5, what is -13 - -11040?
11022
In base 15, what is 618 - 3?
615
In base 11, what is 3 + -54?
-51
In base 15, what is 484 + 5?
489
In base 3, what is -1 + 111?
110
In base 4, what is 1332121 - 10?
1332111
In base 16, what is 276 - -2?
278
In base 13, what is -4 + 0?
-4
In base 12, what is 37 - -4?
3b
In base 6, what is 3 - 14510?
-14503
In base 15, what is -47 - -7?
-40
In base 6, what is 0 - -24?
24
In base 7, what is 4 + -362?
-355
In base 5, what is 1 + -240430?
-240424
In base 3, what is 12 - -2120001?
2120020
In base 10, what is 56 + 10?
66
In base 12, what is 1a + -35?
-17
In base 5, what is -1440 - -4?
-1431
In base 13, what is 1a + 4?
21
In base 2, what is -10 - 1111?
-10001
In base 7, what is 1202 - -65?
1300
In base 10, what is 2508 - 3?
2505
In base 9, what is 5 + -2?
3
In base 12, what is -5 + 7a?
75
In base 7, what is -20 - 50?
-100
In base 16, what is -2 - 837?
-839
In base 3, what is 20 - -11?
101
In base 5, what is -23 + -22100?
-22123
In base 6, what is 42 + 224?
310
In base 6, what is -2033 + 4?
-2025
In base 15, what is 3b + 7?
43
In base 8, what is 106072 - -5?
106077
In base 11, what is 7 + -78?
-71
In base 4, what is 20 + -32203?
-32123
In base 15, what is 0 + -121?
-121
In base 3, what is -11 + -112?
-200
In base 6, what is -13354 + -14?
-13412
In base 2, what is 111011 + 1001?
1000100
In base 5, what is 0 - 211?
-211
In base 8, what is 64 + 0?
64
In base 7, what is 11 + 1235?
1246
In base 6, what is -225403 - 2?
-225405
In base 12, what is -1 - -84?
83
In base 7, what is 106 + 162?
301
In base 15, what is -6 - -26?
20
In base 7, what is 21 + 120?
141
In base 12, what is 1b - 6?
15
In base 16, what is -4 - 53?
-57
In base 7, what is 13 - 100?
-54
In base 16, what is 5 + 11d?
122
In base 5, what is -440 + 1?
-434
In base 9, what is 8 - -336?
345
In base 13, what is -13 + 38?
25
In base 15, what is -5 - -192?
18c
In base 5, what is 2231 + -2?
2224
In base 11, what is 1a29 + -4?
1a25
In base 5, what is -10 + -1110?
-1120
In base 13, what is 238 - 8?
230
In base 16, what is 61 - 5?
5c
In base 10, what is -5 - -190?
185
In base 12, what is -3916 - 1?
-3917
In base 12, what is 17 + -23?
-8
In base 13, what is -20 + -2c?
-4c
In base 3, what is 1101020 - -10?
1101100
In base 3, what is -101222 + 120?
-101102
In base 13, what is -325 + -1?
-326
In base 13, what is -7 + -7?
-11
In base 14, what is aa0 - 1?
a9d
In base 12, what is 3 - -2a?
31
In base 10, what is -7 + 182?
175
In base 15, what is -12 + -254?
-266
In base 14, what is 32 + 5?
37
In base 3, what is -10 - -20120?
20110
In base 6, what is 5 - 13512?
-13503
In base 11, what is 182 + 5?
187
In base 16, what is -5 - -7d?
78
In base 5, what is 0 - -13012?
13012
In base 13, what is -a - -20?
13
In base 4, what is 100100 + -30?